{"id":2888,"date":"2024-01-29T18:50:51","date_gmt":"2024-01-29T17:50:51","guid":{"rendered":"https:\/\/chia-cundinamarca.gov.co\/web\/?page_id=2888"},"modified":"2024-01-29T18:50:51","modified_gmt":"2024-01-29T17:50:51","slug":"chia-eligio-el-consejo-territorial-de-planeacion","status":"publish","type":"page","link":"https:\/\/chia-cundinamarca.gov.co\/web\/chia-eligio-el-consejo-territorial-de-planeacion\/","title":{"rendered":"Ch\u00eda eligi\u00f3 el Consejo Territorial de Planeaci\u00f3n"},"content":{"rendered":"<p>La administraci\u00f3n del alcalde Leonardo Donoso, durante los primeros d\u00edas del mes de enero e<strong>ligi\u00f3 el Consejo Territorial de Planeaci\u00f3n del municipio<\/strong>. Esta instancia de consulta adicional es la <strong>representaci\u00f3n de la ciudadan\u00eda<\/strong> para el proceso de toma de decisiones en la planeaci\u00f3n municipal.<\/p>\n<p>La\u00a0 elecci\u00f3n de este Consejo fue fundamental, este ser\u00e1 <strong>otro mecanismo<\/strong> para la revisi\u00f3n en la estructuraci\u00f3n y <strong>formulaci\u00f3n del nuestro Plan de Desarrollo\u00bb<\/strong>, asegur\u00f3 el alcalde Donoso.<\/p>\n<p>La elecci\u00f3n del Consejo qued\u00f3 de esta manera:<\/p>\n<p><strong>Presidente:<\/strong> \u00c1lvaro Ovalle Cerinza.<\/p>\n<p><strong> Vicepresidente:<\/strong> Marcos Otto Parra.<\/p>\n<p><strong>Secretaria General<\/strong>: Zuleny Cifuentes L\u00f3pez.<\/p>\n","protected":false},"excerpt":{"rendered":"<p>La administraci\u00f3n del alcalde Leonardo Donoso, durante los primeros d\u00edas del mes de enero eligi\u00f3 el Consejo Territorial de Planeaci\u00f3n del municipio. Esta instancia de consulta adicional es la representaci\u00f3n de la ciudadan\u00eda para el proceso de toma de decisiones en la planeaci\u00f3n municipal. La\u00a0 elecci\u00f3n de este Consejo fue fundamental, este ser\u00e1 otro mecanismo [&hellip;]<\/p>\n","protected":false},"author":1,"featured_media":2889,"parent":0,"menu_order":0,"comment_status":"closed","ping_status":"closed","template":"","meta":{"footnotes":""},"class_list":["post-2888","page","type-page","status-publish","has-post-thumbnail","hentry"],"_links":{"self":[{"href":"https:\/\/chia-cundinamarca.gov.co\/web\/wp-json\/wp\/v2\/pages\/2888","targetHints":{"allow":["GET"]}}],"collection":[{"href":"https:\/\/chia-cundinamarca.gov.co\/web\/wp-json\/wp\/v2\/pages"}],"about":[{"href":"https:\/\/chia-cundinamarca.gov.co\/web\/wp-json\/wp\/v2\/types\/page"}],"author":[{"embeddable":true,"href":"https:\/\/chia-cundinamarca.gov.co\/web\/wp-json\/wp\/v2\/users\/1"}],"replies":[{"embeddable":true,"href":"https:\/\/chia-cundinamarca.gov.co\/web\/wp-json\/wp\/v2\/comments?post=2888"}],"version-history":[{"count":0,"href":"https:\/\/chia-cundinamarca.gov.co\/web\/wp-json\/wp\/v2\/pages\/2888\/revisions"}],"wp:featuredmedia":[{"embeddable":true,"href":"https:\/\/chia-cundinamarca.gov.co\/web\/wp-json\/wp\/v2\/media\/2889"}],"wp:attachment":[{"href":"https:\/\/chia-cundinamarca.gov.co\/web\/wp-json\/wp\/v2\/media?parent=2888"}],"curies":[{"name":"wp","href":"https:\/\/api.w.org\/{rel}","templated":true}]}}